{"id":13180,"date":"2019-05-30T10:00:58","date_gmt":"2019-05-30T09:00:58","guid":{"rendered":"https:\/\/super-weddings.com\/?post_type=portfolio&#038;p=13180"},"modified":"2021-11-16T10:04:25","modified_gmt":"2021-11-16T10:04:25","slug":"film-slubny-majorka-avion-i-peter","status":"publish","type":"film","link":"https:\/\/super-weddings.com\/pl\/film\/film-slubny-majorka-avion-i-peter\/","title":{"rendered":"Film \u015alubny Majorka &#8211; Avion i Peter"},"content":{"rendered":"\n<p><strong>Pozytywne wibracje, energia, u\u015bmiechy i etniczne ta\u0144ce podczas wesela na Majorce w Hiszpanii by\u0142y absolutnie jedyne w swoim rodzaju!<\/strong><\/p>\n\n\n\n<p>Avion i Peter \u2013 rz\u0105dzicie bez dw\u00f3ch zda\u0144! \u015alub odby\u0142 si\u0119 w Alaro w pi\u0119knym miejscu Finca Son Berga. Kiedy otrzyma\u0142em e-mail pod tytu\u0142em \u201cPochodz\u0119 z Karaib\u00f3w, chc\u0119 po\u015blubi\u0107 Brytyjczyka i mie\u0107 <a href=\"https:\/\/super-weddings.com\/pl\/poradnik\/slub-w-hiszpanii-hiszpanskie-wesele\/\" data-type=\"URL\" data-id=\"https:\/\/super-weddings.com\/pl\/poradnik\/slub-w-hiszpanii-hiszpanskie-wesele\/\">wesele w Hiszpanii<\/a>\u201d, wiedzia\u0142em, \u017ce ten \u015blub b\u0119dzie szalony i SuperWeddings musi go filmowa\u0107.<\/p>\n\n\n\n<h2 class=\"wp-block-heading\">Karaibski taniec na Majorce<\/h2>\n\n\n\n<p>Widzieli\u015bcie kiedykolwiek, jak ludzie ta\u0144cz\u0105 na Karaibach? Jesli nie, to macie kolejny pow\u00f3d dla kt\u00f3rego musicie obejrzec m\u00f3j najnowszy film \u2013 to jak pi\u0119\u015b\u0107 pe\u0142na energii, uderzaj\u0105ca i hipnotyzuj\u0105ca Was swoj\u0105 moc\u0105. Wi\u0119c je\u015bli szukacie inspiracji na w\u0142asne wesele lub pierwszy taniec \u2013 znajdziecie je w tym filmie. Tak, to kolejny pow\u00f3d \u017ceby go obejrze\u0107,prawda?<\/p>\n\n\n\n<p>Go\u015bcie przybyli z r\u00f3\u017cnych cz\u0119\u015bci \u015bwiata \u2013 Niemiec, Wielkiej Brytanii, USA, Afryki, Trynidadu i wielu, wielu innych \u2013 ci\u0119\u017cko je wszystkie wymieni\u0107. To by\u0142a prawdziwa mieszanka kultur.<\/p>\n\n\n\n<p>Niekt\u00f3re filmy \u015blubne s\u0105 nostalgiczne, inne pe\u0142ne energii z imprezow\u0105 wibracj\u0105. Pami\u0119tajcie, aby da\u0107 zna\u0107 w komentarzu, co najbardziej Was urzek\u0142o w tym filmie!<\/p>\n\n\n\n<figure class=\"wp-block-gallery columns-2 is-cropped wp-block-gallery-1 is-layout-flex wp-block-gallery-is-layout-flex\"><ul class=\"blocks-gallery-grid\"><li class=\"blocks-gallery-item\"><figure><img loading=\"lazy\" decoding=\"async\" width=\"777\" height=\"1080\" src=\"https:\/\/super-weddings.com\/wp-content\/uploads\/2020\/10\/Mallorca-Wedding-Videographer-Avion-and-Peter-01.jpg\" alt=\"\" data-id=\"21039\" data-full-url=\"https:\/\/super-weddings.com\/wp-content\/uploads\/2020\/10\/Mallorca-Wedding-Videographer-Avion-and-Peter-01.jpg\" data-link=\"https:\/\/super-weddings.com\/film\/mallorca-wedding-videographer-avion-and-peter\/mallorca-wedding-videographer-avion-and-peter-01\/#main\" class=\"wp-image-21039\" title=\"\" srcset=\"https:\/\/super-weddings.com\/wp-content\/uploads\/2020\/10\/Mallorca-Wedding-Videographer-Avion-and-Peter-01.jpg 777w, https:\/\/super-weddings.com\/wp-content\/uploads\/2020\/10\/Mallorca-Wedding-Videographer-Avion-and-Peter-01-768x1067.jpg 768w\" sizes=\"auto, (max-width: 777px) 100vw, 777px\" \/><\/figure><\/li><li class=\"blocks-gallery-item\"><figure><img loading=\"lazy\" decoding=\"async\" width=\"768\" height=\"1080\" src=\"https:\/\/super-weddings.com\/wp-content\/uploads\/2020\/10\/Mallorca-Wedding-Videographer-Avion-and-Peter-02.jpg\" alt=\"\" data-id=\"21043\" data-link=\"https:\/\/super-weddings.com\/film\/mallorca-wedding-videographer-avion-and-peter\/mallorca-wedding-videographer-avion-and-peter-02\/#main\" class=\"wp-image-21043\" title=\"\"><\/figure><\/li><li class=\"blocks-gallery-item\"><figure><img loading=\"lazy\" decoding=\"async\" width=\"724\" height=\"1080\" src=\"https:\/\/super-weddings.com\/wp-content\/uploads\/2020\/10\/Mallorca-Wedding-Videographer-Avion-and-Peter-03.jpg\" alt=\"\" data-id=\"21047\" data-link=\"https:\/\/super-weddings.com\/film\/mallorca-wedding-videographer-avion-and-peter\/mallorca-wedding-videographer-avion-and-peter-03\/#main\" class=\"wp-image-21047\" title=\"\"><\/figure><\/li><li class=\"blocks-gallery-item\"><figure><img loading=\"lazy\" decoding=\"async\" width=\"747\" height=\"1080\" src=\"https:\/\/super-weddings.com\/wp-content\/uploads\/2020\/10\/Mallorca-Wedding-Videographer-Avion-and-Peter-04.jpg\" alt=\"\" data-id=\"21051\" data-link=\"https:\/\/super-weddings.com\/film\/mallorca-wedding-videographer-avion-and-peter\/mallorca-wedding-videographer-avion-and-peter-04\/#main\" class=\"wp-image-21051\" title=\"\"><\/figure><\/li><\/ul><\/figure>\n\n\n\n<h3 class=\"has-text-align-center wp-block-heading\">Avion &amp; Peter film \u015blubny Majorka<\/h3>\n\n\n\n<figure class=\"wp-block-embed alignwide is-type-video is-provider-vimeo wp-block-embed-vimeo wp-embed-aspect-21-9 wp-has-aspect-ratio\"><div class=\"wp-block-embed__wrapper\">\n<iframe loading=\"lazy\" title=\"Mallorca Wedding Videographer (Spain) Finca Son Berga - Avion &amp;amp; Peter\" src=\"https:\/\/player.vimeo.com\/video\/319546086?dnt=1&amp;app_id=122963\" width=\"1200\" height=\"510\" frameborder=\"0\" allow=\"autoplay; fullscreen\" allowfullscreen><\/iframe>\n<\/div><\/figure>\n","protected":false},"excerpt":{"rendered":"<p>Pozytywne wibracje, energia, u\u015bmiechy i etniczne ta\u0144ce podczas wesela na Majorce w Hiszpanii by\u0142y absolutnie jedyne w swoim rodzaju! Avion i Peter \u2013 rz\u0105dzicie bez dw\u00f3ch zda\u0144! \u015alub odby\u0142 si\u0119 w Alaro w pi\u0119knym miejscu Finca Son Berga. Kiedy otrzyma\u0142em e-mail pod tytu\u0142em \u201cPochodz\u0119 z Karaib\u00f3w, chc\u0119 po\u015blubi\u0107 Brytyjczyka i mie\u0107 wesele w Hiszpanii\u201d, wiedzia\u0142em, &#8230; <a title=\"Film \u015alubny Majorka &#8211; Avion i Peter\" class=\"read-more\" href=\"https:\/\/super-weddings.com\/pl\/film\/film-slubny-majorka-avion-i-peter\/\" aria-label=\"Dowiedz si\u0119 wi\u0119cej o Film \u015alubny Majorka &#8211; Avion i Peter\">Czytaj dalej<\/a><\/p>\n","protected":false},"author":2,"featured_media":21057,"menu_order":0,"comment_status":"closed","ping_status":"closed","template":"","meta":{"_gspb_post_css":"","footnotes":""},"class_list":["post-13180","film","type-film","status-publish","has-post-thumbnail","hentry"],"jetpack_sharing_enabled":true,"_links":{"self":[{"href":"https:\/\/super-weddings.com\/pl\/wp-json\/wp\/v2\/film\/13180","targetHints":{"allow":["GET"]}}],"collection":[{"href":"https:\/\/super-weddings.com\/pl\/wp-json\/wp\/v2\/film"}],"about":[{"href":"https:\/\/super-weddings.com\/pl\/wp-json\/wp\/v2\/types\/film"}],"author":[{"embeddable":true,"href":"https:\/\/super-weddings.com\/pl\/wp-json\/wp\/v2\/users\/2"}],"replies":[{"embeddable":true,"href":"https:\/\/super-weddings.com\/pl\/wp-json\/wp\/v2\/comments?post=13180"}],"version-history":[{"count":1,"href":"https:\/\/super-weddings.com\/pl\/wp-json\/wp\/v2\/film\/13180\/revisions"}],"predecessor-version":[{"id":27879,"href":"https:\/\/super-weddings.com\/pl\/wp-json\/wp\/v2\/film\/13180\/revisions\/27879"}],"wp:featuredmedia":[{"embeddable":true,"href":"https:\/\/super-weddings.com\/pl\/wp-json\/wp\/v2\/media\/21057"}],"wp:attachment":[{"href":"https:\/\/super-weddings.com\/pl\/wp-json\/wp\/v2\/media?parent=13180"}],"curies":[{"name":"wp","href":"https:\/\/api.w.org\/{rel}","templated":true}]}}

Film Ślubny Majorka &#8211; Avion i Peter

<p><strong>Pozytywne wibracje, energia, uśmiechy i etniczne tańce podczas wesela na Majorce w Hiszpanii były absolutnie jedyne w swoim rodzaju!</strong></p>



<p>Avion i Peter – rządzicie bez dwóch zdań! Ślub odbył się w Alaro w pięknym miejscu Finca Son Berga. Kiedy otrzymałem e-mail pod tytułem “Pochodzę z Karaibów, chcę poślubić Brytyjczyka i mieć <a href="https://super-weddings.com/pl/poradnik/slub-w-hiszpanii-hiszpanskie-wesele/" data-type="URL" data-id="https://super-weddings.com/pl/poradnik/slub-w-hiszpanii-hiszpanskie-wesele/">wesele w Hiszpanii</a>”, wiedziałem, że ten ślub będzie szalony i SuperWeddings musi go filmować.</p>



<h2 class="wp-block-heading">Karaibski taniec na Majorce</h2>



<p>Widzieliście kiedykolwiek, jak ludzie tańczą na Karaibach? Jesli nie, to macie kolejny powód dla którego musicie obejrzec mój najnowszy film – to jak pięść pełna energii, uderzająca i hipnotyzująca Was swoją mocą. Więc jeśli szukacie inspiracji na własne wesele lub pierwszy taniec – znajdziecie je w tym filmie. Tak, to kolejny powód żeby go obejrzeć,prawda?</p>



<p>Goście przybyli z różnych części świata – Niemiec, Wielkiej Brytanii, USA, Afryki, Trynidadu i wielu, wielu innych – ciężko je wszystkie wymienić. To była prawdziwa mieszanka kultur.</p>



<p>Niektóre filmy ślubne są nostalgiczne, inne pełne energii z imprezową wibracją. Pamiętajcie, aby dać znać w komentarzu, co najbardziej Was urzekło w tym filmie!</p>



<figure class="wp-block-gallery columns-2 is-cropped wp-block-gallery-1 is-layout-flex wp-block-gallery-is-layout-flex"><ul class="blocks-gallery-grid"><li class="blocks-gallery-item"><figure><img loading="lazy" decoding="async" width="777" height="1080" src="https://super-weddings.com/wp-content/uploads/2020/10/Mallorca-Wedding-Videographer-Avion-and-Peter-01.jpg" alt="" data-id="21039" data-full-url="https://super-weddings.com/wp-content/uploads/2020/10/Mallorca-Wedding-Videographer-Avion-and-Peter-01.jpg" data-link="https://super-weddings.com/film/mallorca-wedding-videographer-avion-and-peter/mallorca-wedding-videographer-avion-and-peter-01/#main" class="wp-image-21039" title="" srcset="https://super-weddings.com/wp-content/uploads/2020/10/Mallorca-Wedding-Videographer-Avion-and-Peter-01.jpg 777w, https://super-weddings.com/wp-content/uploads/2020/10/Mallorca-Wedding-Videographer-Avion-and-Peter-01-768x1067.jpg 768w" sizes="auto, (max-width: 777px) 100vw, 777px" /></figure></li><li class="blocks-gallery-item"><figure><img loading="lazy" decoding="async" width="768" height="1080" src="https://super-weddings.com/wp-content/uploads/2020/10/Mallorca-Wedding-Videographer-Avion-and-Peter-02.jpg" alt="" data-id="21043" data-link="https://super-weddings.com/film/mallorca-wedding-videographer-avion-and-peter/mallorca-wedding-videographer-avion-and-peter-02/#main" class="wp-image-21043" title=""></figure></li><li class="blocks-gallery-item"><figure><img loading="lazy" decoding="async" width="724" height="1080" src="https://super-weddings.com/wp-content/uploads/2020/10/Mallorca-Wedding-Videographer-Avion-and-Peter-03.jpg" alt="" data-id="21047" data-link="https://super-weddings.com/film/mallorca-wedding-videographer-avion-and-peter/mallorca-wedding-videographer-avion-and-peter-03/#main" class="wp-image-21047" title=""></figure></li><li class="blocks-gallery-item"><figure><img loading="lazy" decoding="async" width="747" height="1080" src="https://super-weddings.com/wp-content/uploads/2020/10/Mallorca-Wedding-Videographer-Avion-and-Peter-04.jpg" alt="" data-id="21051" data-link="https://super-weddings.com/film/mallorca-wedding-videographer-avion-and-peter/mallorca-wedding-videographer-avion-and-peter-04/#main" class="wp-image-21051" title=""></figure></li></ul></figure>



<h3 class="has-text-align-center wp-block-heading">Avion &amp; Peter film ślubny Majorka</h3>



<figure class="wp-block-embed alignwide is-type-video is-provider-vimeo wp-block-embed-vimeo wp-embed-aspect-21-9 wp-has-aspect-ratio"><div class="wp-block-embed__wrapper">
<iframe loading="lazy" title="Mallorca Wedding Videographer (Spain) Finca Son Berga - Avion &amp;amp; Peter" src="https://player.vimeo.com/video/319546086?dnt=1&amp;app_id=122963" width="1200" height="510" frameborder="0" allow="autoplay; fullscreen" allowfullscreen></iframe>
</div></figure>

<p>Pozytywne wibracje, energia, uśmiechy i etniczne tańce podczas wesela na Majorce w Hiszpanii były absolutnie jedyne w swoim rodzaju! Avion i Peter – rządzicie bez dwóch zdań! Ślub odbył się w Alaro w pięknym miejscu Finca Son Berga. Kiedy otrzymałem e-mail pod tytułem “Pochodzę z Karaibów, chcę poślubić Brytyjczyka i mieć wesele w Hiszpanii”, wiedziałem, &#8230; <a title="Film Ślubny Majorka &#8211; Avion i Peter" class="read-more" href="https://super-weddings.com/pl/film/film-slubny-majorka-avion-i-peter/" aria-label="Dowiedz się więcej o Film Ślubny Majorka &#8211; Avion i Peter">Czytaj dalej</a></p>
